88 - -4) is divided by r(-9).
21
Let v(q) = -q**2 - 41*q + 74. Let f(c) = -46*c + 4. Let t be f(1). Calculate the remainder when v(t) is divided by (69/15 + -1)*5.
14
Suppose 0 = -0*h + 3*h - 84. Let a = 59 - 44. Let c = 30 - a. Calculate the remainder when h is divided by c.
13
Let r(u) = 3*u - 1 + 9*u - 5*u. Let k be -6 + 5 - -4 - (-5)/(-5). Calculate the remainder when 35 is divided by r(k).
9
Let n be -329*(48/(-14))/(-2). Let b = 574 + n. Calculate the remainder when 58 is divided by b.
8
Let r be (0 + 0/3)/2. Suppose r = -y - 0*y + 61. Suppose -12 = -k - 3*h, 5*k + 4*h - y = 21. What is the remainder when 71 is divided by k?
17
Let y(f) = 17*f - 2846. Suppose -3*c - 2 + 80 = 0. Calculate the remainder when y(178) is divided by c.
24
Let x(i) = -210*i - 1277. Calculate the remainder when 734 is divided by x(-7).
155
Let a(d) = -d**3 - 5*d**2 + 2*d - 4. Let h(l) = -19*l + 4. Let s be h(-2). Let i = s - 8. Calculate the remainder when i is divided by a(-6).
14
Suppose -11*a + 28 = -16. Calculate the remainder when (464/64)/((6/(-3))/(-56)) is divided by a.
3
Suppose -8*j - 468 = -21*j + 4*j. What is the remainder when 504 is divided by j?
36
Let j = -3386 - -3455. Calculate the remainder when 474 is divided by j.
60
Let k be 1582/8 + (56/(-32) - -3). Let b = k - 195. What is the remainder when b is divided by 4?
0
Suppose -5*f - 385 = -m, 3*m - 23*f - 1098 = -27*f. What is the remainder when m is divided by 75?
70
Let x = 160 - 27. What is the remainder when 250 is divided by x?
117
Let w(d) be the first derivative of -d**4/4 + 7*d**3/3 - 7*d**2/2 + 7*d - 39. Calculate the remainder when 128 is divided by w(4).
20
Suppose 0 = c + 2*v - 30, 0 = 2*c - 3*v - 60. Suppose -11*q - c = -13*q. What is the remainder when 160 is divided by q?
10
Calculate the remainder when (12384/(-4816))/((-3)/497) is divided by 81.
21
Let a(o) = -197*o + 2262. What is the remainder when a(-18) is divided by 39?
36
Let t(u) be the third derivative of -u**6/60 - 3*u**5/20 - u**4/3 - u**3/6 - 51*u**2 + 2. Calculate the remainder when 127 is divided by t(-5).
63
Let a(n) = 3*n**2 - 108*n + 908. Calculate the remainder when 10977 is divided by a(23).
10
Let v(p) = -11*p + 57. Suppose -30*s + 60 = -15*s. What is the remainder when 42 is divided by v(s)?
3
Let k = -226 + 358. Let y(n) = n - 30. Let s be y(33). Suppose -s*z + z + 65 = 3*o, 3*o = -z + 61. Calculate the remainder when k is divided by o.
18
Calculate the remainder when 222/(-1332) + ((-1286)/(-12))/1 is divided by 46.
15
Let q(m) = -5*m**2 + 11*m + 6. Let i be q(6). Suppose -396 = 8*t + 364. Let u = t - i. Calculate the remainder when 38 is divided by u.
12
What is the remainder when ((-3)/((-39)/1261))/((-36)/20 + 2) is divided by 70?
65
Let l(a) = 9*a**2 + a - 12. Let x(d) = 2*d**2 + d. Let y(z) = -l(z) + 5*x(z). What is the remainder when 39 is divided by y(-5)?
5
Let i(k) = 13*k + 1. Let t(o) = -o**2 + 5*o - 2. Let r(u) = -5*u**2 + 26*u - 18. Let y(s) = -r(s) + 4*t(s). What is the remainder when y(-6) is divided by i(1)?
12
Let p(y) = -4*y**2 + 360*y + 1259. What is the remainder when p(90) is divided by 19?
5
Suppose -55 = -3*f - 1. Let b = -67 + 74. Suppose -262 + 192 = -b*l. What is the remainder when f is divided by l?
8
Let j = 26 + -17. Suppose 0 = j*z - 44 + 8. Calculate the remainder when z is divided by 3.
1
Suppose 35*g + 21*g - 3855 - 289 = 0. Suppose 2*o - 20 - 20 = 0. Calculate the remainder when g is divided by o.
14
Suppose 299*x + 2025 = 302*x. What is the remainder when 681 is divided by x?
6
Calculate the remainder when (28/56)/(1/102) + -9 is divided by 13.
3
Let x(f) = -f**2 + 14*f - 10. Suppose -2*k + 3*w + 394 = 0, -402 = -2*k + 3978*w - 3974*w. What is the remainder when k is divided by x(10)?
5
Suppose 4*b - 87 = -d + 36, 2*b + 5*d - 75 = 0. Let a be 702/15 + (b/25 - 2). Let p = a + -21. Calculate the remainder when 121 is divided by p.
21
Suppose -2*a = -3*u + 7415, -4*u - a = 4*a - 9925. Suppose 10*x - u = -5*x. What is the remainder when x is divided by 12?
9
Let c = -522 - -532. What is the remainder when (56/(-12))/((-1)/6) is divided by c?
8
Let m be 3 - (-3 + 9) - 45. Calculate the remainder when 16 - (-5)/(10/(-4)) is divided by ((-3)/(m/(-20)))/(1/(-4)).
4
Suppose 9*i = 22055 + 12208. Calculate the remainder when i is divided by 17.
16
Suppose -5*d - 3 = -4*x, x = -2*d + 3 - 12. Let i(p) = -p**3 - 3*p**2 + 2. Let l be i(x). Let h = 10 - l. Calculate the remainder when 39 is divided by h.
7
Let p = 108 - 98. Let o(a) = a**2 - 8*a + 24. Let c be o(p). Suppose 0 = 2*j - 3*t - 32, t + 49 = 5*j - c. What is the remainder when 34 is divided by j?
15
Suppose 7*p - 3*p - 48 = 0. Suppose p*a = 2*a + 1260. What is the remainder when a is divided by 8?
6
Suppose -5*l = -w + 4*w - 542, 168 = w + 8*l. Calculate the remainder when w is divided by 181.
3
Let h(r) = 0*r + 27*r**3 - 26*r**3 + 449*r**2 - 455*r**2 - 8*r + 14. Suppose 0 = -c - c + 14. Calculate the remainder when h(c) is divided by 2.
1
Suppose 2*f - 3*h + 79 = 6*f, -f + 36 = 4*h. Let u = f - 12. What is the remainder when 6 is divided by u?
2
Let i = 89 + -294. Calculate the remainder when (-1)/4*i + (-3)/12 is divided by 14.
9
Let n(w) = w**3 + 4*w**2 - 8*w - 12. Let t be n(-5). Suppose -t*r + 5*r + 4 = 0. Let o(v) = -v. Calculate the remainder when 4 is divided by o(r).
0
Let l(v) = -24*v. Let c be l(-7). Let p = c - 129. What is the remainder when 233 is divided by p?
38
Suppose 202 = 5*p - 248. Suppose 4*o - 279 = -5*o. Calculate the remainder when p is divided by o.
28
Let k be 447/15 + -3 + 64/20. Suppose 5*v = l - k, -2*l - 5*v - 4 + 34 = 0. Calculate the remainder when 30 is divided by l.
10
Suppose 5*i + 192 = 9*i. Suppose -5*b - 30 = -2*p + p, i = 4*p - 2*b. Let t(n) = n**2 + 6*n - 67. Calculate the remainder when t(9) is divided by p.
8
Let u be (-1)/(3 + 125/(-40)). What is the remainder when 47/(1 - 0) - (u - 4) is divided by 2?
1
Let t(l) be the second derivative of l**4/6 + 7*l**3 + 51*l**2/2 - 257*l. What is the remainder when 39 is divided by t(-20)?
6
Let k be 3 - (10/20)/(1/(-2)). Let n be -1*0/(4 + -1) + k. What is the remainder when 83 is divided by 6/(-12) + 70/n?
15
Let q be (-1 + -1)/(-2 - 75/(-40)). Suppose q*c + 442 = 1450. Calculate the remainder when c is divided by 17.
12
Let h be 52/(-78)*-3*9/6. What is the remainder when (h + 3)/(-2)*-111 is divided by 21?
18
Let n = -7754 - -8736. What is the remainder when n is divided by 30?
22
Suppose p - l + 367 = 0, -4*p + 2*l + 365 - 1829 = 0. Let h = 444 + p. Calculate the remainder when h is divided by 30.
19
Let u(g) = 4*g + 97. Suppose -5251 = -735*w + 676*w. What is the remainder when w is divided by u(-21)?
11
Suppose 0 = k + 3*n - 10, -3*k + 0*k = -3*n - 6. Suppose -k*b + g + 100 + 36 = 0, 4 = g. What is the remainder when 139 is divided by b?
34
Calculate the remainder when 644 is divided by 160 + 1*(4/(-2) + -3).
24
Let w be (0/2)/(((-30)/3)/(-5)). Suppose w = 28*b - 392 - 588. Calculate the remainder when 66 is divided by b.
31
Suppose -34 = -4*u + 2*w, u + 3*w + w - 22 = 0. Let k be 138/(-33) - u/(-55). Let d(o) = 2*o**2 + 6*o. What is the remainder when 13 is divided by d(k)?
5
What is the remainder when (-44)/(2 - 195/90) is divided by 127?
10
Let y be 3*136/(-12)*5. What is the remainder when 122 is divided by 158/4 + y/(-20) + -8?
2
Let a(g) = -254*g + 5089. Suppose -3*s + 128 = -127. Suppose -4*x = -s - 39. Calculate the remainder when x is divided by a(20).
4
What is the remainder when 1399 is divided by (((-6468)/(-27))/14 - -9) + 5/(-45)?
21
Let d = 5789 + -5715. Calculate the remainder when 149 is divided by d.
1
Suppose -32*y + 31*y + 233 = 0. Suppose 4*h + 1 = 5*h, -h + 79 = u. Calculate the remainder when y is divided by u.
77
Suppose -61*m + 65*m - 1220 = -5*i, -20 = 5*i. Calculate the remainder when m is divided by 297.
13
Let i = 1909 - 984. Let f = i + -626. What is the remainder when f is divided by 38?
33
What is the remainder when (-11 - (-3484)/4) + -13 is divided by 268?
43
Let g(n) = 238*n + 4533. Let y = 5 - 2. Suppose y*w + 0*w = 51. What is the remainder when w is divided by g(-19)?
6
Calculate the remainder when 7707 is divided by (-21)/(-336)*40*(4 - -2).
12
Suppose -31*n - 1354 = 11*n - 5386. What is the rema